4. Is a a prime number?
False
Let a be 8/28 - (-38)/14. Let m = 17 - 8. Suppose -5*v - a*s = -50, m*v - 4*v - 50 = 5*s. Is v prime?
False
Let t = -8 - -14. Suppose 2*s + 0*s + 4*z + 16 = 0, -t = 2*s + 2*z. Suppose 0 = -4*y - s*x + 100, -3*x = 4*y + x - 108. Is y composite?
False
Let d be 3 - -3 - 2 - -418. Is (14 - 12) + d/2 a prime number?
False
Let l(a) = 5*a**2 - 9*a + 13. Let i be l(-8). Suppose 3*n + 12 = 0, 3*p + i = 8*p + 5*n. Is p composite?
True
Suppose 2267 = 3*p - 4*u, 4*p = 3*p + 3*u + 749. Is p a composite number?
False
Let l(v) = -v**2 - 7*v - 4. Let h be l(-6). Let f be 92*(6/(-4) + h). Let r = 79 - f. Is r a composite number?
True
Let b(t) = -49*t + 1. Let s be b(-1). Suppose -s - 20 = -5*w. Is w composite?
True
Is -2 + 4 - (-510 + 13) a composite number?
False
Suppose 7*q = -q + 152. Is q a composite number?
False
Let g be (-14)/(-4) + 6/4. Suppose g*j = 3*y - 9 - 147, 3*j = -9. Is y a composite number?
False
Suppose 0 = 5*j - 3*t - 646, -2*t + 86 = -3*j + 473. Is j a composite number?
False
Let k(c) = 97*c + 3. Is k(4) a prime number?
False
Suppose 0 = -5*w - k + 1061, -5*k - 272 = -4*w + 600. Is w a composite number?
True
Suppose 5*f + q = 92, -4*f = -5*q - 48 - 14. Is 1778/8 + f/24 a prime number?
True
Suppose 2*n + 12 = 2*f + 2*f, 0 = 3*f + 4*n - 9. Suppose 14 = f*i - i. Is i composite?
False
Let a(v) = -77*v + 1. Let c be a(-1). Is 12/2*c/12 a composite number?
True
Let s(u) = 2*u - 18. Let k be s(12). Let a(q) = q**3 - 6*q**2 + 4*q - 5. Is a(k) prime?
True
Let d(l) = -l**2 + 5*l - 1. Let c be d(6). Let v(y) = -47*y - 5. Let k be v(c). Suppose -q + 0*q = 5*u - 381, -4*q = -4*u + k. Is u a composite number?
True
Is 2598/30 - (-2)/5 a prime number?
False
Suppose -5*d + 2*q = 54, 38 = -4*d + 3*q - 4*q. Let r be (-39)/(-5)*d/(-2). Let w = 10 + r. Is w prime?
False
Let h(n) = 2*n**2 - 2*n + 3. Let f(y) = 2*y - 2. Let i be f(2). Suppose 0 = 4*w + 26 + i. Is h(w) prime?
False
Let i be 8/10*15/6. Suppose -3*g - 404 + 66 = -4*q, -172 = -i*q + 3*g. Is q a prime number?
True
Let y be ((-3)/(-2))/((-4)/8). Let z be y + 2 - 74/2. Let g = z + 61. Is g prime?
True
Let q(y) = 22*y - 2. Let r be q(2). Let d = r + 64. Is d prime?
False
Suppose 3*u - 4*f - 8 = 0, -2*u + f + 0 + 2 = 0. Suppose -r - 5*j + 189 + 57 = u, -5*j = -2*r + 507. Is r composite?
False
Suppose m + 2*c = 15, -2*m = -0*c - 4*c + 10. Let a = -3 + m. Let n(v) = 2*v**2 - 2*v + 3. Is n(a) a composite number?
False
Let s = -136 + 215. Is s a composite number?
False
Let p(n) = -2*n**2 + 7*n - 11. Let v be p(9). Let w = v + 251. Is w prime?
False
Suppose 0 = 13*g - 10*g - 993. Is g prime?
True
Let y = 33 + -18. Let k(j) = -1 + y*j + 5 + 14*j. Is k(3) prime?
False
Let w = 8 + -5. Suppose -a + 8 + 6 = y, 24 = w*y - 3*a. Suppose -3*r + 0*n - y = 5*n, n = 3*r - 13. Is r a prime number?
True
Let m(b) = -9*b - 11. Is m(-6) prime?
True
Suppose -3*n = -5*t - 586, 0*n = -3*n - 2*t + 551. Is n a composite number?
True
Suppose 5*y = 4*y + 163. Is y composite?
False
Suppose 4260 = 4*l + 4*b, 0*l + 2*b = 4*l - 4272. Is l prime?
False
Suppose -2*j = 13 - 5, -4*k - 2*j = 48. Let r = k + 24. Suppose r = i - 33. Is i prime?
True
Suppose -l = z - 0*z - 24, 5*l + 41 = 2*z. Is z prime?
True
Suppose 2*z - 2*h = -5*h + 2194, 4388 = 4*z + 4*h. Is z a composite number?
False
Let k(o) = -o**2 - 6*o + 3. Let a = -2 + -4. Let j be k(a). Suppose 0*y - 4*p - 106 = -2*y, j*y - p = 144. Is y composite?
False
Let i = 6 + -13. Is (82/(-2))/(i/14) a composite number?
True
Let d be ((3 - 1) + -13)*-4. Let y be (3 - 0) + (d - -1). Let x = 1 + y. Is x prime?
False
Let a be (-10)/(-3) + 4/6. Let q = -42 + 44. Suppose -q*p - f = -51, -4*f = -a*p - 28 + 124. Is p a prime number?
False
Suppose m - 508 = -3*m. Is m a prime number?
True
Is (-981)/(-6) - (-3)/(-6) composite?
False
Suppose 7*p = 4*t + 2*p - 40, 13 = t - 2*p. Suppose 197 = t*x + 37. Suppose 4*m + 4*l - 44 = 0, l - x = -4*m + 3*l. Is m composite?
True
Let i = 219 + -139. Is 0 + i + 1 + -2 composite?
False
Suppose -56 = -11*p + 7*p. Suppose 13*r - p*r = -1133. Is r a composite number?
True
Let k(a) = 4*a**2 - a - 2. Let s(w) = w**3 - 8*w**2 + 7*w + 5. Let i be s(7). Is k(i) composite?
True
Suppose 0 = -5*t + c + 895, 5*c + 358 = 3*t - t. Is t composite?
False
Let n = -4 + -2. Let t(f) = f**3 + 6*f**2 - 2*f - 9. Let p be t(n). Suppose 0 = -w - p, 5*i - 4*i + w - 50 = 0. Is i composite?
False
Let x(g) = 2*g**3 + g**2 + 5*g - 1. Let b(z) = z**2 + 8*z + 9. Let w be b(-6). Let v = 7 + w. Is x(v) prime?
True
Let t(v) = -v**2 + 14*v - 5. Let r be t(14). Let h = 26 + r. Is h a composite number?
True
Suppose -2*a - 9 = a, -3278 = -2*j - 2*a. Let w = j + -1165. Is 2/7 - w/(-21) a prime number?
True
Suppose 7*a = 2*a + 9935. Is a a composite number?
False
Is -67*(-2 - -3)*-1 composite?
False
Suppose -3*j = -2*j - 223. Is j prime?
True
Let i be -2*(-3)/6 + 0. Let d be 2 + (6 - 3) + i. Let k(q) = q**2 - 6*q + 9. Is k(d) a composite number?
True
Let j be -1*2 + -3 + 4. Let w be (3/(-3))/(j + 2). Is (w - 1) + -1 + 16 composite?
False
Let k be 10/5 - (-1)/1. Suppose -k*x + 1100 = 2*x. Suppose t + 2*t + 15 = 0, 0 = -5*a - 2*t + x. Is a a composite number?
True
Suppose 0*c - 7*c = -8491. Is c prime?
True
Suppose -3*b + 14 = -b - 2*k, -5*k - 27 = -3*b. Suppose b*s - 1055 = -s. Is s composite?
False
Let z = -334 - -779. Suppose 8*l = 3*l + z. Is l a composite number?
False
Let k(m) = -2*m**3 - 6*m**2 - 11*m + 2. Let c(y) = -y**3 - 7*y**2 - 10*y + 3. Let z(b) = 3*c(b) - 2*k(b). Is z(12) a prime number?
False
Suppose 3*u = 4 + 5. Let z(i) = -i**2 - i. Let n(t) = -t**2 + 6*t + 1. Let d(g) = -n(g) - 3*z(g). Is d(u) a composite number?
True
Suppose -7*f + 10 = -2*f. Let l be (0 + 0)*7/14. Suppose f*g - 16 - 58 = l. Is g a prime number?
True
Let d(t) = -t**2 + 3*t - 4. Let i be d(5). Let k be 2/7 - (-74)/i. Let n(g) = -4*g + 1. Is n(k) composite?
True
Let m(u) = -u**2 - 8*u + 3. Suppose f - 3 = -10. Let o be m(f). Is (5/o)/((-1)/(-38)) prime?
True
Suppose 3*b = 5*u - 16, 5*u - u = -2*b + 4. Suppose -u*w + 3 = 5. Let a(z) = -72*z - 1. Is a(w) a composite number?
False
Let m(r) = r - 3. Let f be m(5). Let c be 1 - -1 - (1 - f). Suppose c*g - 251 = -4*l, 3*g + l - 230 = 6. Is g composite?
True
Let w(x) = 122*x - 19. Is w(10) a prime number?
True
Suppose 5*m - 13181 = 4*u, -3*m + m = -4*u - 5282. Is m a prime number?
True
Let u(w) = -w + 1. Let y be u(0). Let t(p) = -118*p**2 - p + 2. Let z(f) = 236*f**2 + 2*f - 5. Let v(d) = -5*t(d) - 2*z(d). Is v(y) a composite number?
True
Let z(h) = 9*h**2 - 3*h - 5. Is z(4) prime?
True
Let f(u) = -94*u**3 + 2*u**2 - 1. Let j be f(-1). Let x(h) = h**3 - 62. Let d be x(0). Let o = j + d. Is o a prime number?
False
Suppose -618 = -6*m - 0*m. Is m a composite number?
False
Suppose 0 = 5*y + 4*q - 728, 3*y - 81 = 3*q + 345. Let w = y - -65. Is w a prime number?
False
Let l be 1/(-3) + (-52)/6. Let m be 4/(-18) + (-20)/l. Is 111/(-6)*m/(-1) prime?
True
Let n(b) be the first derivative of -b**4/24 + b**3/2 - b**2 - 2. Let y(g) be the second derivative of n(g). Is y(-6) a composite number?
True
Suppose 4*h = w - 7, 3*w - 4 = 2*h - 23. Is 16/72 + (-493)/w prime?
False
Let z(f) = 37*f**3 - 2*f**2 - 6*f + 5. Is z(4) a composite number?
True
Suppose 0 = -3*o - o - 2*r + 9432, 5*o - 4*r = 11777. Is o prime?
True
Let l be 3/9 + 124/6. Let a = -11 + l. Is a a composite number?
True
Let i = -8 - -9. Is -6 + 2 + 89*i a composite number?
True
Suppose -2*b = b - 2*j - 15, 2*j - 15 = -3*b. Let q(x) = x - 3. Let d be q(b). Is (2 - -128)/d - -2 composite?
False
Let x = 44 - 10. Is x a prime number?
False
Suppose -m = -3*m - 8. Let g(v) = -7*v**2 + 4*v + 1. Let b(w) = 13*w**2 - 7*w - 2. Let c(h) = 6*b(h) + 11*g(h). Is c(m) prime?
True
Let t(g) = -3*g**3 - 3*g**2 + 5*g + 3. Let s be t(-3). Suppose y = -y + s. Is y a prime number?
False
Let g(l) = -l**3 - l**2 - 2*l - 1. Is g(-3) prime?
True
Let k be (-42)/30 - 4/(-10). Is ((-84)/3 - 3)/k a composite number?
False
Suppose 2*y + 2*y = 12. Suppose f + y = 214. Is f prime?
True
Suppose -5*h + 0*h = -5*r - 14620, 2*h = -2*r + 5860. Is h a composite number?
False
Let u = 2424 - 1409. Suppose 4*f + f = u. Is f prime?
False
Suppose -15*o + 13*o + 1006 = 0. Is o prime?
True
Suppose -4*g = -16, -5*h - 3*g = -9 - 18. Suppose -f 